{"id":39,"date":"2011-11-12T10:35:12","date_gmt":"2011-11-12T09:35:12","guid":{"rendered":"https:\/\/2012.norway.wordcamp.org\/?page_id=39"},"modified":"2012-11-06T13:45:49","modified_gmt":"2012-11-06T12:45:49","slug":"foredragsholdere","status":"publish","type":"page","link":"https:\/\/norway.wordcamp.org\/2012\/foredragsholdere\/","title":{"rendered":"Foredragsholdere"},"content":{"rendered":"<div style=\"float: right\">\n<\/div>\n<div style=\"clear: both\"><\/div>\n\n\t\t<div class=\"cpt-loop speaker-gravatar-list clearfix\">\n\t\t\t<p>\n\t\t\t\t\t\t\t<a href='#hanni-ross' title='Hanni Ross, Automattic'><img alt='' src='https:\/\/secure.gravatar.com\/avatar\/55e10f8e9a8c0b989f4acdae530f2ad67db3366ccf2d0fb616b2e02921eaddd6?s=48&#038;d=mm&#038;r=g' srcset='https:\/\/secure.gravatar.com\/avatar\/55e10f8e9a8c0b989f4acdae530f2ad67db3366ccf2d0fb616b2e02921eaddd6?s=96&#038;d=mm&#038;r=g 2x' class='avatar avatar-48 photo' height='48' width='48' \/><\/a>\t\t\t\t\t\t\t<a href='#isaac-keyet' title='Isaac Keyet, Automattic'><img alt='' src='https:\/\/secure.gravatar.com\/avatar\/c55f280ae17973cca5501727999d71f904a6cb6dfe861dfd169847f93a610aac?s=48&#038;d=mm&#038;r=g' srcset='https:\/\/secure.gravatar.com\/avatar\/c55f280ae17973cca5501727999d71f904a6cb6dfe861dfd169847f93a610aac?s=96&#038;d=mm&#038;r=g 2x' class='avatar avatar-48 photo' height='48' width='48' \/><\/a>\t\t\t\t\t\t\t<a href='#john-james-jacoby' title='John James Jacoby, Automattic'><img alt='' src='https:\/\/secure.gravatar.com\/avatar\/2c1dd973716a1bad178d162a65d499a958cd82bd4a93e5e9e879e5d3091e1bc7?s=48&#038;d=mm&#038;r=g' srcset='https:\/\/secure.gravatar.com\/avatar\/2c1dd973716a1bad178d162a65d499a958cd82bd4a93e5e9e879e5d3091e1bc7?s=96&#038;d=mm&#038;r=g 2x' class='avatar avatar-48 photo' height='48' width='48' \/><\/a>\t\t\t\t\t\t\t<a href='#josh-holmes' title='Josh Holmes, Microsoft'><img alt='' src='https:\/\/secure.gravatar.com\/avatar\/30f5cc3e896d1e37c6672bef11994f69632cc4a52355651541f50790748c5b45?s=48&#038;d=mm&#038;r=g' srcset='https:\/\/secure.gravatar.com\/avatar\/30f5cc3e896d1e37c6672bef11994f69632cc4a52355651541f50790748c5b45?s=96&#038;d=mm&#038;r=g 2x' class='avatar avatar-48 photo' height='48' width='48' \/><\/a>\t\t\t\t\t\t\t<a href='#magnus-jepson' title='Magnus Jepson, WooThemes'><img alt='' src='https:\/\/secure.gravatar.com\/avatar\/8e121721f8dabb6199719933ba6031eab37e4a0f87418b344547ad4a7305c3dd?s=48&#038;d=mm&#038;r=g' srcset='https:\/\/secure.gravatar.com\/avatar\/8e121721f8dabb6199719933ba6031eab37e4a0f87418b344547ad4a7305c3dd?s=96&#038;d=mm&#038;r=g 2x' class='avatar avatar-48 photo' height='48' width='48' \/><\/a>\t\t\t\t\t\t\t<a href='#marko-heijnen' title='Marko Heijnen'><img alt='' src='https:\/\/secure.gravatar.com\/avatar\/b518a5cf86a31ce1c2a64870b6e15a1e63e9827afc75f8fc12f7095d0cce7fb4?s=48&#038;d=mm&#038;r=g' srcset='https:\/\/secure.gravatar.com\/avatar\/b518a5cf86a31ce1c2a64870b6e15a1e63e9827afc75f8fc12f7095d0cce7fb4?s=96&#038;d=mm&#038;r=g 2x' class='avatar avatar-48 photo' height='48' width='48' \/><\/a>\t\t\t\t\t\t\t<a href='#morten-hauan' title='Morten Hauan'><img alt='' src='https:\/\/secure.gravatar.com\/avatar\/7617971daecaaca89334eac62a2d91b7b7120dd21207404f2269474229e2d1f7?s=48&#038;d=mm&#038;r=g' srcset='https:\/\/secure.gravatar.com\/avatar\/7617971daecaaca89334eac62a2d91b7b7120dd21207404f2269474229e2d1f7?s=96&#038;d=mm&#038;r=g 2x' class='avatar avatar-48 photo' height='48' width='48' \/><\/a>\t\t\t\t\t\t\t<a href='#oyvind-malin' title='\u00d8yvind Malin, Bekk Consulting'><img alt='' src='https:\/\/secure.gravatar.com\/avatar\/3c21566354eae7019f8004ef90051afbdf582db14049c2c902805a7a00b9604b?s=48&#038;d=mm&#038;r=g' srcset='https:\/\/secure.gravatar.com\/avatar\/3c21566354eae7019f8004ef90051afbdf582db14049c2c902805a7a00b9604b?s=96&#038;d=mm&#038;r=g 2x' class='avatar avatar-48 photo' height='48' width='48' \/><\/a>\t\t\t\t\t\t\t<a href='#ronald-huereca' title='Ronald Huereca'><img alt='' src='https:\/\/secure.gravatar.com\/avatar\/?s=48&#038;d=mm&#038;r=g' srcset='https:\/\/secure.gravatar.com\/avatar\/?s=96&#038;d=mm&#038;r=g 2x' class='avatar avatar-48 photo avatar-default' height='48' width='48' \/><\/a>\t\t\t\t\t\t\t<a href='#ryan-hellyer' title='Ryan Hellyer, PixoPoint'><img alt='' src='https:\/\/secure.gravatar.com\/avatar\/dc73bc3bdfc6b3452697a22736d80204f03124159f87f4e5ed1152c87ebe5eef?s=48&#038;d=mm&#038;r=g' srcset='https:\/\/secure.gravatar.com\/avatar\/dc73bc3bdfc6b3452697a22736d80204f03124159f87f4e5ed1152c87ebe5eef?s=96&#038;d=mm&#038;r=g 2x' class='avatar avatar-48 photo' height='48' width='48' \/><\/a>\t\t\t\t\t\t\t<a href='#scott-basgaard' title='Scott Basgaard, Metronet'><img alt='' src='https:\/\/secure.gravatar.com\/avatar\/a803061162a2088226d20c6567bfef085985fddeb3bb09ec41b89ea7a9a7e3d1?s=48&#038;d=mm&#038;r=g' srcset='https:\/\/secure.gravatar.com\/avatar\/a803061162a2088226d20c6567bfef085985fddeb3bb09ec41b89ea7a9a7e3d1?s=96&#038;d=mm&#038;r=g 2x' class='avatar avatar-48 photo' height='48' width='48' \/><\/a>\t\t\t\t\t\t\t<a href='#wilhelm-joys-andersen' title='Wilhelm Joys Andersen'><img alt='' src='https:\/\/secure.gravatar.com\/avatar\/8974297048b32bd9624452adf51c258d68cdf8ff6d46fb1e55d9f3d0a859a27d?s=48&#038;d=mm&#038;r=g' srcset='https:\/\/secure.gravatar.com\/avatar\/8974297048b32bd9624452adf51c258d68cdf8ff6d46fb1e55d9f3d0a859a27d?s=96&#038;d=mm&#038;r=g 2x' class='avatar avatar-48 photo' height='48' width='48' \/><\/a>\t\t\t\t\t\t\t<a href='#ze-fontainhas' title='Z\u00e9 Fontainhas, Automattic'><img alt='' src='https:\/\/secure.gravatar.com\/avatar\/d71843bd2670ce03308e7ab56b82febe090a6cfb9944e81657bd619a4756d50f?s=48&#038;d=mm&#038;r=g' srcset='https:\/\/secure.gravatar.com\/avatar\/d71843bd2670ce03308e7ab56b82febe090a6cfb9944e81657bd619a4756d50f?s=96&#038;d=mm&#038;r=g 2x' class='avatar avatar-48 photo' height='48' width='48' \/><\/a>\t\t\t\t\t\t<\/p>\n\t\t<\/div>\n\n\t\t\t\t\n\t\t<div class=\"cpt-loop speakers\">\n\t\t\t<div class=\"grid_6 alpha\">\n\n\t\t\t\t\n\t\t\t\t\t\n\t\t\t\t\t<div id=\"hanni-ross\" class=\"speaker clearfix odd post-698 wcb_speaker type-wcb_speaker status-publish hentry\" >\n\t\t\t\t\t\t<h3 class=\"entry-title speaker-name\">Hanni Ross, Automattic<\/h3>\n\t\t\t\t\t\t<div class=\"entry-content speaker-bio\">\n\t\t\t\t\t\t<img alt='' src='https:\/\/secure.gravatar.com\/avatar\/55e10f8e9a8c0b989f4acdae530f2ad67db3366ccf2d0fb616b2e02921eaddd6?s=102&#038;d=mm&#038;r=g' srcset='https:\/\/secure.gravatar.com\/avatar\/55e10f8e9a8c0b989f4acdae530f2ad67db3366ccf2d0fb616b2e02921eaddd6?s=204&#038;d=mm&#038;r=g 2x' class='avatar avatar-102 photo' height='102' width='102' \/><p>Tinkering with WordPress since before it was WordPress, Hanni hails from both Warwick, UK and Bordeaux, France. When not engineering happiness, she spends her time studying law. The hilarity of trying to fit everything in means she often feels the need to, in the words of Monty Python, run away.<\/p>\n\t\t\t\t\t\t<\/div>\n\t\t\t\t\t<\/div>\n\t\t\t\t\n\t\t\t\t\t\n\t\t\t\t\t<div id=\"isaac-keyet\" class=\"speaker clearfix even post-646 wcb_speaker type-wcb_speaker status-publish hentry\" >\n\t\t\t\t\t\t<h3 class=\"entry-title speaker-name\">Isaac Keyet, Automattic<\/h3>\n\t\t\t\t\t\t<div class=\"entry-content speaker-bio\">\n\t\t\t\t\t\t<img alt='' src='https:\/\/secure.gravatar.com\/avatar\/c55f280ae17973cca5501727999d71f904a6cb6dfe861dfd169847f93a610aac?s=102&#038;d=mm&#038;r=g' srcset='https:\/\/secure.gravatar.com\/avatar\/c55f280ae17973cca5501727999d71f904a6cb6dfe861dfd169847f93a610aac?s=204&#038;d=mm&#038;r=g 2x' class='avatar avatar-102 photo' height='102' width='102' \/><p>Isaac is determined to make the mobile blogging experience for WordPress better. As a team lead and designer on the Mobile Team at Automattic, he&#8217;s helped launch official Open Source WordPress apps for 3 new platforms, and has worked on improving the existing ones. Today, roughly half a million posts are published each month on <a title=\"WordPress.com\" href=\"http:\/\/wordpress.com\/\" target=\"_blank\">WordPress.com<\/a> using one of the WordPress apps.<\/p>\n\t\t\t\t\t\t<\/div>\n\t\t\t\t\t<\/div>\n\t\t\t\t\n\t\t\t\t\t\n\t\t\t\t\t<div id=\"john-james-jacoby\" class=\"speaker clearfix odd post-539 wcb_speaker type-wcb_speaker status-publish hentry\" >\n\t\t\t\t\t\t<h3 class=\"entry-title speaker-name\">John James Jacoby, Automattic<\/h3>\n\t\t\t\t\t\t<div class=\"entry-content speaker-bio\">\n\t\t\t\t\t\t<img alt='' src='https:\/\/secure.gravatar.com\/avatar\/2c1dd973716a1bad178d162a65d499a958cd82bd4a93e5e9e879e5d3091e1bc7?s=102&#038;d=mm&#038;r=g' srcset='https:\/\/secure.gravatar.com\/avatar\/2c1dd973716a1bad178d162a65d499a958cd82bd4a93e5e9e879e5d3091e1bc7?s=204&#038;d=mm&#038;r=g 2x' class='avatar avatar-102 photo' height='102' width='102' \/><p>A native Wisconsinite, John has natural love of beer, cheese, and a strong dislike for sub-zero temperatures. He is a lover of naps, puppies, puzzles, and things with wheels and gears. When he isn\u2019t helping build neat stuff with code, he enjoys traveling the world, taking pictures, a good cup-o-tea, and helping people use (and extend) WordPress, BuddyPress, and bbPress.<\/p>\n\t\t\t\t\t\t<\/div>\n\t\t\t\t\t<\/div>\n\t\t\t\t\n\t\t\t\t\t\n\t\t\t\t\t<div id=\"josh-holmes\" class=\"speaker clearfix even post-702 wcb_speaker type-wcb_speaker status-publish hentry\" >\n\t\t\t\t\t\t<h3 class=\"entry-title speaker-name\">Josh Holmes, Microsoft<\/h3>\n\t\t\t\t\t\t<div class=\"entry-content speaker-bio\">\n\t\t\t\t\t\t<img alt='' src='https:\/\/secure.gravatar.com\/avatar\/30f5cc3e896d1e37c6672bef11994f69632cc4a52355651541f50790748c5b45?s=102&#038;d=mm&#038;r=g' srcset='https:\/\/secure.gravatar.com\/avatar\/30f5cc3e896d1e37c6672bef11994f69632cc4a52355651541f50790748c5b45?s=204&#038;d=mm&#038;r=g 2x' class='avatar avatar-102 photo' height='102' width='102' \/><p>Josh Holmes is a passionate soul who gets his kicks solving problems with deep fried awesomeness. He is currently employed by Microsoft Ireland as an Architect Evangelist. Prior to joining Microsoft in October 2006, Josh was a consultant working with a variety of clients ranging from large Fortune 500 firms to smaller sized companies. Josh is a frequent speaker and lead panelist at national and international software development conferences focusing on web technologies on the Microsoft stack such as ASP.NET, PHP, IronRuby, JavaScript and more. Community focused, Josh has founded and\/or run many technology organizations from the <a href=\"http:\/\/www.migang.org\/\">Great Lakes Area .NET Users Group<\/a> to the <a href=\"http:\/\/www.computersociety.org\/\">Ann Arbor Computer Society<\/a> and was on the forming committee for <a href=\"http:\/\/www.codemash.org\/\">CodeMash<\/a>. You can contact Josh through his blog at <a href=\"http:\/\/www.joshholmes.com\/\">http:\/\/www.joshholmes.com<\/a>.<\/p>\n\t\t\t\t\t\t<\/div>\n\t\t\t\t\t<\/div>\n\t\t\t\t\n\t\t\t\t\t\n\t\t\t\t\t<div id=\"magnus-jepson\" class=\"speaker clearfix odd post-554 wcb_speaker type-wcb_speaker status-publish hentry\" >\n\t\t\t\t\t\t<h3 class=\"entry-title speaker-name\">Magnus Jepson, WooThemes<\/h3>\n\t\t\t\t\t\t<div class=\"entry-content speaker-bio\">\n\t\t\t\t\t\t<img alt='' src='https:\/\/secure.gravatar.com\/avatar\/8e121721f8dabb6199719933ba6031eab37e4a0f87418b344547ad4a7305c3dd?s=102&#038;d=mm&#038;r=g' srcset='https:\/\/secure.gravatar.com\/avatar\/8e121721f8dabb6199719933ba6031eab37e4a0f87418b344547ad4a7305c3dd?s=204&#038;d=mm&#038;r=g 2x' class='avatar avatar-102 photo' height='102' width='102' \/><p>Co-founder of WooThemes.com<\/p>\n\t\t\t\t\t\t<\/div>\n\t\t\t\t\t<\/div>\n\t\t\t\t\n\t\t\t\t\t\n\t\t\t\t\t<div id=\"marko-heijnen\" class=\"speaker clearfix even post-556 wcb_speaker type-wcb_speaker status-publish hentry\" >\n\t\t\t\t\t\t<h3 class=\"entry-title speaker-name\">Marko Heijnen<\/h3>\n\t\t\t\t\t\t<div class=\"entry-content speaker-bio\">\n\t\t\t\t\t\t<img alt='' src='https:\/\/secure.gravatar.com\/avatar\/b518a5cf86a31ce1c2a64870b6e15a1e63e9827afc75f8fc12f7095d0cce7fb4?s=102&#038;d=mm&#038;r=g' srcset='https:\/\/secure.gravatar.com\/avatar\/b518a5cf86a31ce1c2a64870b6e15a1e63e9827afc75f8fc12f7095d0cce7fb4?s=204&#038;d=mm&#038;r=g 2x' class='avatar avatar-102 photo' height='102' width='102' \/><p>I&#8217;m Marko Heijnen, 25 years old and have more then five years experience in WordPress and almost three years experience in iOS. I contributed to WordPress 3.0 and 3.3 and since the start of 2012 I will contribute to the WordPress iOS app.<\/p>\n<p>I have been a freelancer now for the past six months. I only do projects where there is need for a lot of custom work. My passion is all about the combination of WordPress and mobile. Not only on a technical way but also in the interaction from the users and the app.<\/p>\n\t\t\t\t\t\t<\/div>\n\t\t\t\t\t<\/div>\n\t\t\t\t\n\t\t\t\t\t<\/div><div class=\"grid_6 omega\">\n\t\t\t\t\t<div id=\"morten-hauan\" class=\"speaker clearfix odd post-527 wcb_speaker type-wcb_speaker status-publish hentry\" >\n\t\t\t\t\t\t<h3 class=\"entry-title speaker-name\">Morten Hauan<\/h3>\n\t\t\t\t\t\t<div class=\"entry-content speaker-bio\">\n\t\t\t\t\t\t<img alt='' src='https:\/\/secure.gravatar.com\/avatar\/7617971daecaaca89334eac62a2d91b7b7120dd21207404f2269474229e2d1f7?s=102&#038;d=mm&#038;r=g' srcset='https:\/\/secure.gravatar.com\/avatar\/7617971daecaaca89334eac62a2d91b7b7120dd21207404f2269474229e2d1f7?s=204&#038;d=mm&#038;r=g 2x' class='avatar avatar-102 photo' height='102' width='102' \/><p>24 \u00e5r gammel WordPressfrelst fra S\u00f8rlandet. Har jobbet med WordPress i\u00a0godt over 2 \u00e5r. Har v\u00e6rt ledende utvikler p\u00e5 st\u00f8rre og mindre prosjekter\u00a0der WordPress har blitt brukt som CMS. Stolt bidragsyter til 3.3. Har\u00a0som m\u00e5l i 2012 og bidra mer tilbake til WordPress samfunnet med \u00e5\u00a0bidra til utvikling av kjernekode og \u00e5 frigi plugins gratis p\u00e5\u00a0wordpress.org.<\/p>\n<p>Ser frem til \u00e5 treffe andre WP-interesserte p\u00e5 WordCamp!<\/p>\n\t\t\t\t\t\t<\/div>\n\t\t\t\t\t<\/div>\n\t\t\t\t\n\t\t\t\t\t\n\t\t\t\t\t<div id=\"oyvind-malin\" class=\"speaker clearfix even post-529 wcb_speaker type-wcb_speaker status-publish hentry\" >\n\t\t\t\t\t\t<h3 class=\"entry-title speaker-name\">\u00d8yvind Malin, Bekk Consulting<\/h3>\n\t\t\t\t\t\t<div class=\"entry-content speaker-bio\">\n\t\t\t\t\t\t<img alt='' src='https:\/\/secure.gravatar.com\/avatar\/3c21566354eae7019f8004ef90051afbdf582db14049c2c902805a7a00b9604b?s=102&#038;d=mm&#038;r=g' srcset='https:\/\/secure.gravatar.com\/avatar\/3c21566354eae7019f8004ef90051afbdf582db14049c2c902805a7a00b9604b?s=204&#038;d=mm&#038;r=g 2x' class='avatar avatar-102 photo' height='102' width='102' \/><p>\u00d8yvind has a bachelor degree in\u00a0 Web development and interaction design from the Norwegian School of Information Technology. Currently working as a FrontEnd Developer at <a href=\"http:\/\/www.bekk.no\/\">Bekk Consulting<\/a>. Working mainly on web projects for the mobile and tablet platforms.<\/p>\n\t\t\t\t\t\t<\/div>\n\t\t\t\t\t<\/div>\n\t\t\t\t\n\t\t\t\t\t\n\t\t\t\t\t<div id=\"ronald-huereca\" class=\"speaker clearfix odd post-1287205 wcb_speaker type-wcb_speaker status-publish hentry\" >\n\t\t\t\t\t\t<h3 class=\"entry-title speaker-name\">Ronald Huereca<\/h3>\n\t\t\t\t\t\t<div class=\"entry-content speaker-bio\">\n\t\t\t\t\t\t<img alt='' src='https:\/\/secure.gravatar.com\/avatar\/?s=102&#038;d=mm&#038;r=g' srcset='https:\/\/secure.gravatar.com\/avatar\/?s=204&#038;d=mm&#038;r=g 2x' class='avatar avatar-102 photo avatar-default' height='102' width='102' \/><p>Ronald will give a lightning talk on &#8220;Must-Use&#8221; plugins.<\/p>\n<p>Update:<br \/>\nRonald&#8217;s slides can be found here:<br \/>\n<a href=\"http:\/\/www.slideshare.net\/ronalfy\/wordpress-mutuse-plugins-quick-overview\" target=\"_blank\">http:\/\/www.slideshare.net\/ronalfy\/wordpress-mutuse-plugins-quick-overview<\/a><\/p>\n\t\t\t\t\t\t<\/div>\n\t\t\t\t\t<\/div>\n\t\t\t\t\n\t\t\t\t\t\n\t\t\t\t\t<div id=\"ryan-hellyer\" class=\"speaker clearfix even post-531 wcb_speaker type-wcb_speaker status-publish hentry\" >\n\t\t\t\t\t\t<h3 class=\"entry-title speaker-name\">Ryan Hellyer, PixoPoint<\/h3>\n\t\t\t\t\t\t<div class=\"entry-content speaker-bio\">\n\t\t\t\t\t\t<img alt='' src='https:\/\/secure.gravatar.com\/avatar\/dc73bc3bdfc6b3452697a22736d80204f03124159f87f4e5ed1152c87ebe5eef?s=102&#038;d=mm&#038;r=g' srcset='https:\/\/secure.gravatar.com\/avatar\/dc73bc3bdfc6b3452697a22736d80204f03124159f87f4e5ed1152c87ebe5eef?s=204&#038;d=mm&#038;r=g 2x' class='avatar avatar-102 photo' height='102' width='102' \/><p>My name is Ryan Hellyer. I\u2019m a web developer based in the wonderful city of Dunedin in New Zealand. I specialise in WordPress theme and plugin development.<\/p>\n\t\t\t\t\t\t<\/div>\n\t\t\t\t\t<\/div>\n\t\t\t\t\n\t\t\t\t\t\n\t\t\t\t\t<div id=\"scott-basgaard\" class=\"speaker clearfix odd post-525 wcb_speaker type-wcb_speaker status-publish hentry\" >\n\t\t\t\t\t\t<h3 class=\"entry-title speaker-name\">Scott Basgaard, Metronet<\/h3>\n\t\t\t\t\t\t<div class=\"entry-content speaker-bio\">\n\t\t\t\t\t\t<img alt='' src='https:\/\/secure.gravatar.com\/avatar\/a803061162a2088226d20c6567bfef085985fddeb3bb09ec41b89ea7a9a7e3d1?s=102&#038;d=mm&#038;r=g' srcset='https:\/\/secure.gravatar.com\/avatar\/a803061162a2088226d20c6567bfef085985fddeb3bb09ec41b89ea7a9a7e3d1?s=204&#038;d=mm&#038;r=g 2x' class='avatar avatar-102 photo' height='102' width='102' \/><p>Just another WordPress fanboy. I&#8217;m a full-time developer at <a href=\"http:\/\/metronet.no\/\">Metronet<\/a>, also a co-organizer of WordCamp Norway and the <a href=\"http:\/\/www.meetup.com\/Oslo-WordPress-Meetup-Group\/\">Oslo WordPress Meetup Group<\/a>. Try give back to WordPress as much as I can and proud to have contributed back to WordPress in both 3.0 and 3.3. Follow me on Twitter here <a href=\"http:\/\/twitter.com\/scottbasgaard\">@scottbasgaard<\/a>.<\/p>\n\t\t\t\t\t\t<\/div>\n\t\t\t\t\t<\/div>\n\t\t\t\t\n\t\t\t\t\t\n\t\t\t\t\t<div id=\"wilhelm-joys-andersen\" class=\"speaker clearfix even post-537 wcb_speaker type-wcb_speaker status-publish hentry\" >\n\t\t\t\t\t\t<h3 class=\"entry-title speaker-name\">Wilhelm Joys Andersen<\/h3>\n\t\t\t\t\t\t<div class=\"entry-content speaker-bio\">\n\t\t\t\t\t\t<img alt='' src='https:\/\/secure.gravatar.com\/avatar\/8974297048b32bd9624452adf51c258d68cdf8ff6d46fb1e55d9f3d0a859a27d?s=102&#038;d=mm&#038;r=g' srcset='https:\/\/secure.gravatar.com\/avatar\/8974297048b32bd9624452adf51c258d68cdf8ff6d46fb1e55d9f3d0a859a27d?s=204&#038;d=mm&#038;r=g 2x' class='avatar avatar-102 photo' height='102' width='102' \/><p>Wilhelm Joys Andersen elsker alt som er godt h\u00e5ndverk,\u00a0enten det er snakk om programvare, sko, jernbane eller\u00a0eiswein. Det gj\u00f8r ham til en vrang og kresen kritiker,\u00a0og han er aller mest kritisk til det han lager selv.<\/p>\n<p>N\u00e5r han ikke bygger nettsider eller hacker testroboter\u00a0spiller han Battlefield og lengter tilbake til Tokyo.<\/p>\n\t\t\t\t\t\t<\/div>\n\t\t\t\t\t<\/div>\n\t\t\t\t\n\t\t\t\t\t\n\t\t\t\t\t<div id=\"ze-fontainhas\" class=\"speaker clearfix odd post-633 wcb_speaker type-wcb_speaker status-publish hentry\" >\n\t\t\t\t\t\t<h3 class=\"entry-title speaker-name\">Z\u00e9 Fontainhas, Automattic<\/h3>\n\t\t\t\t\t\t<div class=\"entry-content speaker-bio\">\n\t\t\t\t\t\t<img alt='' src='https:\/\/secure.gravatar.com\/avatar\/d71843bd2670ce03308e7ab56b82febe090a6cfb9944e81657bd619a4756d50f?s=102&#038;d=mm&#038;r=g' srcset='https:\/\/secure.gravatar.com\/avatar\/d71843bd2670ce03308e7ab56b82febe090a6cfb9944e81657bd619a4756d50f?s=204&#038;d=mm&#038;r=g 2x' class='avatar avatar-102 photo' height='102' width='102' \/><p>Initially convinced that he was applying for a drumming gig with The Dave Matthews Band, Z\u00e9 landed at Automattic after a long time spent trying to solve people\u2019s WordPress-related problems in five continents and as many languages. Since he grew up in Portugal, Angola and Belgium, went to school and worked in Austria and the U.S., and one of his daughters is American, he gets where most people are coming from. He\u2019s still trying to figure out what any one of his three daughters wants, though.<\/p>\n\t\t\t\t\t\t<\/div>\n\t\t\t\t\t<\/div>\n\t\t\t\t\n\t\t\t<\/div>\n\t\t<\/div>\n\n\t\t\n","protected":false},"excerpt":{"rendered":"","protected":false},"author":5716614,"featured_media":0,"parent":0,"menu_order":0,"comment_status":"closed","ping_status":"closed","template":"template-full-width.php","meta":{"jetpack_post_was_ever_published":false,"footnotes":""},"class_list":["post-39","page","type-page","status-publish","hentry"],"jetpack_shortlink":"https:\/\/wp.me\/P1DhKf-D","jetpack_sharing_enabled":true,"_links":{"self":[{"href":"https:\/\/norway.wordcamp.org\/2012\/wp-json\/wp\/v2\/pages\/39","targetHints":{"allow":["GET"]}}],"collection":[{"href":"https:\/\/norway.wordcamp.org\/2012\/wp-json\/wp\/v2\/pages"}],"about":[{"href":"https:\/\/norway.wordcamp.org\/2012\/wp-json\/wp\/v2\/types\/page"}],"author":[{"embeddable":true,"href":"https:\/\/norway.wordcamp.org\/2012\/wp-json\/wp\/v2\/users\/5716614"}],"replies":[{"embeddable":true,"href":"https:\/\/norway.wordcamp.org\/2012\/wp-json\/wp\/v2\/comments?post=39"}],"version-history":[{"count":19,"href":"https:\/\/norway.wordcamp.org\/2012\/wp-json\/wp\/v2\/pages\/39\/revisions"}],"predecessor-version":[{"id":970,"href":"https:\/\/norway.wordcamp.org\/2012\/wp-json\/wp\/v2\/pages\/39\/revisions\/970"}],"wp:attachment":[{"href":"https:\/\/norway.wordcamp.org\/2012\/wp-json\/wp\/v2\/media?parent=39"}],"curies":[{"name":"wp","href":"https:\/\/api.w.org\/{rel}","templated":true}]}}