{"id":108,"date":"2012-11-21T13:29:04","date_gmt":"2012-11-21T12:29:04","guid":{"rendered":"https:\/\/2013.norway.wordcamp.org\/?page_id=108"},"modified":"2012-12-04T14:30:14","modified_gmt":"2012-12-04T13:30:14","slug":"hvor","status":"publish","type":"page","link":"https:\/\/norway.wordcamp.org\/2013\/hvor\/","title":{"rendered":"Hvor"},"content":{"rendered":"<p>WordCamp Norge 2013 arrangeres p\u00e5 Radisson Hotel Nydalen.<\/p>\n<p><strong>Lokale destinasjoner<\/strong><br \/>\n\u201dThe tunnel of light\u201d (Nydalen T-bane stasjon) \u2013 1 minutt gange fra hotellet<br \/>\nAkerselva: 1 minutt gange fra hotellet<br \/>\nBilutleie: 5 km, 10 minutter med bil<br \/>\nHandelsh\u00f8yskolen (BI): 1 minutt gange fra hotellet<br \/>\nOslo Flyplass Gardermoen: 50 km, 35 minutter tog tur med Flytoget<br \/>\nOslo Sentrum: 5 km, 10 minutters kj\u00f8retur<\/p>\n<p><strong>Fra OSL- Oslo Flyplass Gardermoen<\/strong><br \/>\nReisende fra Oslo Flyplass Gardermoen kan ta en 35 minutters reise med Flytoget til Oslo Sentralbanestasjon. Herfra kan man ta en Taxi direkte til hotellet eller ta i bruk t-banen direkte til Nydalen Stasjon, med g\u00e5avstand til hotellet. Flybussene fra flyplassen tar ca. 43 minutter til Oslo Bussterminal i n\u00e6rheten av Oslo Sentralbanestasjon.<\/p>\n<p><strong>Fra Rygge Flyplass<\/strong><br \/>\nReisende fra Rygge Flyplass kan ta Rygge Expressen til Oslo Bussterminal i n\u00e6rheten av Oslo Sentralbanestasjon. Bussen har en reisetid p\u00e5 60 minutter og korresponderer med alle Ryanair fly samt noen DAT fly. Gjester kan ogs\u00e5 ta toget fra Rygge stasjon til Oslo Sentralbanestasjon. Togbilletten inkluderer gratis buss mellom stasjonen og flyplassen g\u00e5r 15 minutter f\u00f8r togets avreise fra Rygge Stasjon.<\/p>\n<p><strong>T-bane<\/strong><br \/>\nTa t-bane 5 mot Storo eller nummer 6 mot Ringen fra Jernbanestasjonen. Gjester g\u00e5r av p\u00e5 Nydalen Stasjon, med g\u00e5avstand til hotellet. Reisetid: 9 minutter<\/p>\n<p><strong>Buss<\/strong><br \/>\nTa buss nummer 37 mot Nydalen fra Jernbanestasjonen. Reisetid: 20 minutter<\/p>\n<p><strong>Tog<\/strong><br \/>\nTa tog nummer 300 mot Gj\u00f8vik fra Jernbanestasjonen til Nydalen Stasjon. Toget har avreise ca. hvert 30 minutt. Reisetid: 9 minutter<\/p>\n<p><strong>Kj\u00f8reanvisninger<\/strong><br \/>\nHvis du kommer fra Gardermoen Lufthavn, f\u00f8lger du E6 mot Oslo sentrum. Ved Alnabru fortsetter du p\u00e5 Ring 3 og tar av ved skiltet til Nydalen.<\/p>\n","protected":false},"excerpt":{"rendered":"<p>WordCamp Norge 2013 arrangeres p\u00e5 Radisson Hotel Nydalen. Lokale destinasjoner \u201dThe tunnel of light\u201d (Nydalen T-bane stasjon) \u2013 1 minutt gange fra hotellet Akerselva: 1 minutt gange fra hotellet Bilutleie: 5 km, 10 minutter med bil Handelsh\u00f8yskolen (BI): 1 minutt &hellip; <a href=\"https:\/\/norway.wordcamp.org\/2013\/hvor\/\">Continue reading <span class=\"screen-reader-text\">Hvor<\/span>  <span class=\"meta-nav\">&rarr;<\/span><\/a><\/p>\n","protected":false},"author":8050362,"featured_media":0,"parent":0,"menu_order":0,"comment_status":"closed","ping_status":"closed","template":"","meta":{"jetpack_post_was_ever_published":false,"footnotes":""},"class_list":["post-108","page","type-page","status-publish","hentry"],"jetpack_sharing_enabled":true,"jetpack_shortlink":"https:\/\/wp.me\/P2OVbZ-1K","_links":{"self":[{"href":"https:\/\/norway.wordcamp.org\/2013\/wp-json\/wp\/v2\/pages\/108","targetHints":{"allow":["GET"]}}],"collection":[{"href":"https:\/\/norway.wordcamp.org\/2013\/wp-json\/wp\/v2\/pages"}],"about":[{"href":"https:\/\/norway.wordcamp.org\/2013\/wp-json\/wp\/v2\/types\/page"}],"replies":[{"embeddable":true,"href":"https:\/\/norway.wordcamp.org\/2013\/wp-json\/wp\/v2\/comments?post=108"}],"version-history":[{"count":8,"href":"https:\/\/norway.wordcamp.org\/2013\/wp-json\/wp\/v2\/pages\/108\/revisions"}],"predecessor-version":[{"id":400,"href":"https:\/\/norway.wordcamp.org\/2013\/wp-json\/wp\/v2\/pages\/108\/revisions\/400"}],"author":[{"embeddable":true,"href":"https:\/\/norway.wordcamp.org\/2013\/wp-json\/wporg\/v1\/users\/ivdimova"}],"wp:attachment":[{"href":"https:\/\/norway.wordcamp.org\/2013\/wp-json\/wp\/v2\/media?parent=108"}],"curies":[{"name":"wp","href":"https:\/\/api.w.org\/{rel}","templated":true}]}}