{"id":99,"date":"2012-11-21T12:50:53","date_gmt":"2012-11-21T11:50:53","guid":{"rendered":"https:\/\/2013.norway.wordcamp.org\/?page_id=99"},"modified":"2012-11-23T15:16:49","modified_gmt":"2012-11-23T14:16:49","slug":"om","status":"publish","type":"page","link":"https:\/\/norway.wordcamp.org\/2013\/om\/","title":{"rendered":"Om"},"content":{"rendered":"<p><strong>Hvorfor WordCamp<\/strong><br \/>\nVi har en stor, aktiv WordPress meetup-gruppe i Norge med over 250 medlemmer. Det avholdes meetups hver m\u00e5ned, med b\u00e5de internasjonalt anerkjente og mindre kjente foredragsholdere. WordCamp ble arrangert for f\u00f8rste gang i Norge i 2012, og billettene ble revet bort i l\u00f8pet av kort tid. I 2013 vil det derfor legges ut nesten dobbelt s\u00e5 mange billetter.<\/p>\n<p><strong>Hva er WordCamp?<\/strong><br \/>\nWordCamp er arrangert av og for WordPress-milj\u00f8et. M\u00e5let er \u00e5 videreutvikle og inspirere alle som er interessert i WordPress gjennom \u00e5 arrangere foredrag med h\u00f8yt kvalifiserte foredragsholdere fra hele verden. Foredragene dekker alle relevante omr\u00e5der som utvikling, design og forretningsutvikling. WordCamp er et non-profit arrangement, og det er derfor vi kan holde billettprisene lave og dermed bidra til at s\u00e5 mange som mulig fra lokalt og internasjonalt WordPressmilj\u00f8 kan delta.<\/p>\n","protected":false},"excerpt":{"rendered":"<p>Hvorfor WordCamp Vi har en stor, aktiv WordPress meetup-gruppe i Norge med over 250 medlemmer. Det avholdes meetups hver m\u00e5ned, med b\u00e5de internasjonalt anerkjente og mindre kjente foredragsholdere. WordCamp ble arrangert for f\u00f8rste gang i Norge i 2012, og billettene &hellip; <a href=\"https:\/\/norway.wordcamp.org\/2013\/om\/\">Continue reading <span class=\"screen-reader-text\">Om<\/span>  <span class=\"meta-nav\">&rarr;<\/span><\/a><\/p>\n","protected":false},"author":8050362,"featured_media":0,"parent":0,"menu_order":0,"comment_status":"closed","ping_status":"open","template":"","meta":{"jetpack_post_was_ever_published":false,"footnotes":""},"class_list":["post-99","page","type-page","status-publish","hentry"],"jetpack_sharing_enabled":true,"jetpack_shortlink":"https:\/\/wp.me\/P2OVbZ-1B","_links":{"self":[{"href":"https:\/\/norway.wordcamp.org\/2013\/wp-json\/wp\/v2\/pages\/99","targetHints":{"allow":["GET"]}}],"collection":[{"href":"https:\/\/norway.wordcamp.org\/2013\/wp-json\/wp\/v2\/pages"}],"about":[{"href":"https:\/\/norway.wordcamp.org\/2013\/wp-json\/wp\/v2\/types\/page"}],"replies":[{"embeddable":true,"href":"https:\/\/norway.wordcamp.org\/2013\/wp-json\/wp\/v2\/comments?post=99"}],"version-history":[{"count":4,"href":"https:\/\/norway.wordcamp.org\/2013\/wp-json\/wp\/v2\/pages\/99\/revisions"}],"predecessor-version":[{"id":270,"href":"https:\/\/norway.wordcamp.org\/2013\/wp-json\/wp\/v2\/pages\/99\/revisions\/270"}],"author":[{"embeddable":true,"href":"https:\/\/norway.wordcamp.org\/2013\/wp-json\/wporg\/v1\/users\/ivdimova"}],"wp:attachment":[{"href":"https:\/\/norway.wordcamp.org\/2013\/wp-json\/wp\/v2\/media?parent=99"}],"curies":[{"name":"wp","href":"https:\/\/api.w.org\/{rel}","templated":true}]}}